-- https://www.phpmyadmin.net/
--
-- Servidor: localhost:3306
-- Tiempo de generación: 27-08-2024 a las 11:31:01
-- Versión del servidor: 5.7.23-23
-- Versión de PHP: 8.1.29

START TRANSACTION;



--
-- Base de datos: `almopera_soporteti`
--

-- --------------------------------------------------------

--
-- Estructura de tabla para la tabla `areas`
--

CREATE TABLE `areas` (
  `id` int(10) UNSIGNED NOT NULL,
  `nombre` varchar(255) COLLATE utf8_unicode_ci DEFAULT NULL,
  `slug` varchar(255) COLLATE utf8_unicode_ci DEFAULT NULL,
  `sede_id` int(10) UNSIGNED NOT NULL,
  `deleted_at` timestamp NULL DEFAULT NULL,
  `created_at` timestamp NULL DEFAULT NULL,
  `updated_at` timestamp NULL DEFAULT NULL
) ENGINE=InnoDB DEFAULT CHARSET=utf8 COLLATE=utf8_unicode_ci;

--
-- Volcado de datos para la tabla `areas`
--

INSERT INTO `areas` (`id`, `nombre`, `slug`, `sede_id`, `deleted_at`, `created_at`, `updated_at`) VALUES
(54, 'TRANSFORMACION DIGITAL', 'transformacion-digital', 9, NULL, '2023-09-07 17:36:39', '2023-09-07 17:36:39'),
(57, 'GERENCIA', 'gerencia', 9, NULL, '2024-07-08 21:42:12', '2024-07-08 21:42:12'),
(58, 'ADMINISTRACIÓN Y FINANZAS', 'adm-finanzas', 9, NULL, '2024-07-08 21:42:47', '2024-07-08 21:42:47'),
(59, 'PROYECTOS', 'proyectos', 9, NULL, '2024-07-08 21:44:05', '2024-07-08 21:44:05'),
(60, 'LOGÍSTICA', 'logistica', 9, NULL, '2024-07-08 21:44:27', '2024-07-08 21:44:27'),
(61, 'RECURSOS HUMANOS', 'recursos-humanos', 9, NULL, '2024-07-08 21:44:51', '2024-07-08 21:44:51'),
(62, 'OPEX', 'opex', 9, NULL, '2024-07-08 21:45:09', '2024-07-08 21:45:09');

-- --------------------------------------------------------

--
-- Estructura de tabla para la tabla `cargos`
--

CREATE TABLE `cargos` (
  `id` int(10) UNSIGNED NOT NULL,
  `nombre` varchar(255) COLLATE utf8_unicode_ci DEFAULT NULL,
  `slug` varchar(255) COLLATE utf8_unicode_ci DEFAULT NULL,
  `area_id` int(10) UNSIGNED NOT NULL,
  `deleted_at` timestamp NULL DEFAULT NULL,
  `created_at` timestamp NULL DEFAULT NULL,
  `updated_at` timestamp NULL DEFAULT NULL
) ENGINE=InnoDB DEFAULT CHARSET=utf8 COLLATE=utf8_unicode_ci;

--
-- Volcado de datos para la tabla `cargos`
--

INSERT INTO `cargos` (`id`, `nombre`, `slug`, `area_id`, `deleted_at`, `created_at`, `updated_at`) VALUES
(182, 'JEFE DE TD', 'jefe-de-td', 54, NULL, '2023-09-07 17:38:09', '2023-09-07 17:38:09'),
(183, 'COORDINADOR DE TD', 'coordinador-de-td', 54, NULL, '2023-09-07 17:38:23', '2023-09-07 17:38:23'),
(184, 'ASISTENTE DE TD', 'asistente-de-td', 54, NULL, '2023-09-07 17:38:36', '2023-09-07 17:38:36'),
(185, 'ANALISTA DE TD', 'analista-de-td', 54, NULL, '2023-09-07 17:38:48', '2023-09-07 17:38:48'),
(186, 'GERENTE GENERAL', 'gerente-geneal', 57, NULL, '2024-07-08 21:46:16', '2024-07-08 21:46:16'),
(187, 'PRESIDENTE EJECUTIVO', 'presidente-ejecutivo', 57, NULL, '2024-07-08 21:46:51', '2024-07-08 21:46:51'),
(188, 'GERENTE DE LOGÍSTICA', 'gerente-logistica', 60, NULL, '2024-07-08 21:50:18', '2024-07-08 21:50:18'),
(189, 'GERENTE DE RECURSOS HUMANOS', 'gerente-recursos-humanos', 61, NULL, '2024-07-08 21:50:57', '2024-07-08 21:50:57'),
(190, 'LÍDER DE PROYECTOS', 'lider-proyectos', 59, NULL, '2024-07-08 21:51:55', '2024-07-08 21:51:55'),
(191, 'COORDINADOR DE RECURSOS HUMANOS', 'coordinador-recursos-humanos', 61, NULL, '2024-07-08 21:53:33', '2024-07-08 21:53:33'),
(192, 'ASISTENTE DE RECURSOS HUMANOS', 'asistente-recursos-humanos', 61, NULL, '2024-07-08 21:53:51', '2024-07-08 21:53:51'),
(193, 'COORDINADOR ADMINISTRATIVO', 'coordinador-administrativo', 58, NULL, '2024-07-08 21:54:23', '2024-07-08 21:54:23'),
(194, 'TESORERO', 'tesorero', 58, NULL, '2024-07-08 21:54:44', '2024-07-08 21:54:44'),
(195, 'COORDINADOR DE ALMACÉN', 'coordinador-almacen', 60, NULL, '2024-07-08 21:55:56', '2024-07-08 21:55:56'),
(196, 'LÍDER DE OPEX', 'lider-opex', 62, NULL, '2024-07-08 21:56:18', '2024-07-08 21:56:18'),
(197, 'COORDINADOR DE OPEX', 'coordinador-opex', 62, NULL, '2024-07-08 21:56:40', '2024-07-08 21:56:40'),
(198, 'SUPERVISOR DE PROYECTOS', 'supervisor-proyectos', 59, NULL, '2024-07-08 22:02:38', '2024-07-08 22:02:38');

-- --------------------------------------------------------

--
-- Estructura de tabla para la tabla `favoritos`
--

CREATE TABLE `favoritos` (
  `id` int(10) UNSIGNED NOT NULL,
  `user_id` int(10) UNSIGNED NOT NULL,
  `persona_id` int(10) UNSIGNED NOT NULL,
  `created_at` timestamp NULL DEFAULT NULL,
  `updated_at` timestamp NULL DEFAULT NULL
) ENGINE=InnoDB DEFAULT CHARSET=utf8 COLLATE=utf8_unicode_ci;

--
-- Volcado de datos para la tabla `favoritos`
--

INSERT INTO `favoritos` (`id`, `user_id`, `persona_id`, `created_at`, `updated_at`) VALUES
(1, 67, 104, '2018-08-07 00:50:52', '2018-08-07 00:50:52'),
(2, 67, 71, '2018-08-13 16:20:28', '2018-08-13 16:20:28'),
(3, 103, 71, '2018-08-16 14:24:26', '2018-08-16 14:24:26'),
(4, 103, 91, '2018-08-16 14:24:38', '2018-08-16 14:24:38'),
(5, 103, 66, '2018-08-16 14:24:47', '2018-08-16 14:24:47'),
(6, 103, 67, '2018-08-16 14:24:49', '2018-08-16 14:24:49'),
(7, 103, 41, '2018-08-16 14:24:57', '2018-08-16 14:24:57'),
(8, 165, 66, '2018-08-24 17:23:43', '2018-08-24 17:23:43'),
(9, 207, 37, '2018-09-21 22:54:22', '2018-09-21 22:54:22'),
(10, 207, 164, '2018-09-21 22:54:43', '2018-09-21 22:54:43'),
(11, 207, 41, '2018-09-21 22:55:14', '2018-09-21 22:55:14'),
(12, 207, 193, '2018-09-21 22:55:54', '2018-09-21 22:55:54'),
(13, 207, 66, '2018-09-21 22:56:17', '2018-09-21 22:56:17'),
(14, 207, 74, '2018-09-24 17:28:19', '2018-09-24 17:28:19'),
(15, 213, 9, '2018-10-18 00:31:22', '2018-10-18 00:31:22'),
(16, 160, 160, '2018-10-29 20:22:57', '2018-10-29 20:22:57'),
(17, 67, 128, '2018-11-08 19:22:08', '2018-11-08 19:22:08'),
(18, 105, 102, '2018-11-13 15:58:39', '2018-11-13 15:58:39'),
(19, 105, 62, '2018-11-13 15:58:52', '2018-11-13 15:58:52'),
(20, 105, 138, '2018-11-13 15:59:04', '2018-11-13 15:59:04'),
(21, 105, 54, '2018-11-13 15:59:12', '2018-11-13 15:59:12'),
(22, 105, 129, '2018-11-13 15:59:22', '2018-11-13 15:59:22'),
(23, 105, 199, '2018-11-13 16:00:11', '2018-11-13 16:00:11'),
(24, 105, 52, '2018-11-13 16:00:23', '2018-11-13 16:00:23'),
(25, 105, 31, '2018-11-13 16:00:35', '2018-11-13 16:00:35'),
(26, 105, 34, '2018-11-13 16:00:58', '2018-11-13 16:00:58'),
(27, 105, 57, '2018-11-13 16:01:04', '2018-11-13 16:01:04'),
(28, 105, 140, '2018-11-13 16:01:12', '2018-11-13 16:01:12'),
(29, 105, 178, '2018-11-13 16:01:44', '2018-11-13 16:01:44'),
(30, 105, 185, '2018-11-13 16:01:53', '2018-11-13 16:01:53'),
(31, 105, 139, '2018-11-13 16:02:02', '2018-11-13 16:02:02'),
(32, 105, 50, '2018-11-13 16:02:08', '2018-11-13 16:02:08'),
(33, 105, 213, '2018-11-13 16:02:17', '2018-11-13 16:02:17'),
(34, 45, 218, '2019-02-04 19:23:21', '2019-02-04 19:23:21'),
(35, 45, 28, '2019-02-04 19:24:17', '2019-02-04 19:24:17'),
(36, 202, 36, '2019-02-08 15:37:43', '2019-02-08 15:37:43'),
(37, 202, 44, '2019-02-08 16:57:42', '2019-02-08 16:57:42'),
(38, 202, 109, '2019-02-08 16:58:09', '2019-02-08 16:58:09'),
(39, 202, 218, '2019-02-08 16:59:23', '2019-02-08 16:59:23'),
(40, 204, 101, '2019-03-18 20:07:23', '2019-03-18 20:07:23'),
(41, 204, 37, '2019-03-18 20:07:36', '2019-03-18 20:07:36'),
(42, 204, 207, '2019-03-18 20:07:51', '2019-03-18 20:07:51'),
(43, 204, 164, '2019-03-18 20:08:25', '2019-03-18 20:08:25'),
(44, 204, 33, '2019-03-18 20:11:16', '2019-03-18 20:11:16'),
(45, 271, 269, '2019-03-29 15:28:52', '2019-03-29 15:28:52'),
(46, 204, 202, '2019-04-03 18:20:14', '2019-04-03 18:20:14'),
(47, 276, 218, '2019-05-08 00:56:16', '2019-05-08 00:56:16'),
(48, 276, 109, '2019-05-08 00:56:30', '2019-05-08 00:56:30'),
(49, 276, 201, '2019-05-08 00:56:42', '2019-05-08 00:56:42'),
(50, 276, 260, '2019-05-08 00:56:52', '2019-05-08 00:56:52'),
(51, 275, 127, '2019-06-19 18:09:06', '2019-06-19 18:09:06'),
(52, 261, 341, '2020-01-14 01:26:48', '2020-01-14 01:26:48');

-- --------------------------------------------------------

--
-- Estructura de tabla para la tabla `listas`
--

CREATE TABLE `listas` (
  `id` int(10) UNSIGNED NOT NULL,
  `slug` varchar(255) COLLATE utf8_unicode_ci DEFAULT NULL,
  `nombre` varchar(255) COLLATE utf8_unicode_ci DEFAULT NULL,
  `descripcion` text COLLATE utf8_unicode_ci,
  `created_user_id` int(10) UNSIGNED NOT NULL DEFAULT '1',
  `updated_user_id` int(10) UNSIGNED NOT NULL DEFAULT '1',
  `deleted_at` timestamp NULL DEFAULT NULL,
  `created_at` timestamp NULL DEFAULT NULL,
  `updated_at` timestamp NULL DEFAULT NULL
) ENGINE=InnoDB DEFAULT CHARSET=utf8 COLLATE=utf8_unicode_ci;

--
-- Volcado de datos para la tabla `listas`
--

INSERT INTO `listas` (`id`, `slug`, `nombre`, `descripcion`, `created_user_id`, `updated_user_id`, `deleted_at`, `created_at`, `updated_at`) VALUES
(1, 'categoria-tickets', 'CATEGORÍA TICKETS', 'Listado de categorías del sistema de tickets', 1, 1, NULL, '2018-08-15 16:37:43', '2018-08-15 16:37:43'),
(2, 'estado-tickets', 'ESTADO TICKETS', 'Estados de los pasos de los tickets', 1, 1, NULL, '2018-08-15 16:38:03', '2018-08-15 16:38:03');

-- --------------------------------------------------------

--
-- Estructura de tabla para la tabla `migrations`
--

CREATE TABLE `migrations` (
  `migration` varchar(255) COLLATE utf8_unicode_ci NOT NULL,
  `batch` int(11) NOT NULL
) ENGINE=InnoDB DEFAULT CHARSET=utf8 COLLATE=utf8_unicode_ci;

--
-- Volcado de datos para la tabla `migrations`
--

INSERT INTO `migrations` (`migration`, `batch`) VALUES
('2014_10_03_000000_create_roles_table', 1),
('2014_10_12_000000_create_users_table', 1),
('2014_10_12_100000_create_password_resets_table', 1),
('2017_11_16_124837_create_sedes_table', 1),
('2017_11_16_125159_create_areas_table', 1),
('2017_11_16_125457_create_cargos_table', 1),
('2017_11_16_125652_create_personas_table', 1),
('2017_11_17_132516_create_user_personas_table', 1),
('2017_11_28_145357_create_favoritos_table', 1),
('2017_12_28_163155_create_persona_messages_table', 1),
('2018_08_04_103920_create_listas_table', 1),
('2018_08_04_103921_create_sub_listas_table', 1),
('2018_08_04_103925_create_tickets_table', 1),
('2018_08_04_105502_create_ticket_fotos_table', 1),
('2018_08_07_184124_create_ticket_estados_table', 1),
('2018_11_13_105535_create_rrhh_files_table', 1);

-- --------------------------------------------------------

--
-- Estructura de tabla para la tabla `personas`
--

CREATE TABLE `personas` (
  `id` int(10) UNSIGNED NOT NULL,
  `slug` varchar(255) COLLATE utf8_unicode_ci DEFAULT NULL,
  `apellidos_nombres` varchar(255) COLLATE utf8_unicode_ci DEFAULT NULL,
  `dni` varchar(12) COLLATE utf8_unicode_ci DEFAULT NULL,
  `email` varchar(90) COLLATE utf8_unicode_ci DEFAULT NULL,
  `telefono_personal` varchar(9) COLLATE utf8_unicode_ci DEFAULT NULL,
  `telefono_empresa` varchar(9) COLLATE utf8_unicode_ci DEFAULT NULL,
  `anexo` varchar(255) COLLATE utf8_unicode_ci DEFAULT NULL,
  `fecha_nacimiento` date DEFAULT NULL,
  `estado_civil` varchar(40) COLLATE utf8_unicode_ci DEFAULT NULL,
  `genero` char(1) COLLATE utf8_unicode_ci DEFAULT NULL,
  `foto` varchar(255) COLLATE utf8_unicode_ci DEFAULT NULL,
  `cargo_id` int(10) UNSIGNED NOT NULL,
  `deleted_at` timestamp NULL DEFAULT NULL,
  `created_at` timestamp NULL DEFAULT NULL,
  `updated_at` timestamp NULL DEFAULT NULL
) ENGINE=InnoDB DEFAULT CHARSET=utf8 COLLATE=utf8_unicode_ci;

--
-- Volcado de datos para la tabla `personas`
--

INSERT INTO `personas` (`id`, `slug`, `apellidos_nombres`, `dni`, `email`, `telefono_personal`, `telefono_empresa`, `anexo`, `fecha_nacimiento`, `estado_civil`, `genero`, `foto`, `cargo_id`, `deleted_at`, `created_at`, `updated_at`) VALUES
(470, 'ubillus-oscar', 'UBILLUS OSCAR', '41344656', 'oubillus@almoperations.com', NULL, NULL, NULL, NULL, 'soltero', 'M', NULL, 182, NULL, '2023-09-07 17:41:40', '2023-09-07 17:41:40'),
(472, 'ysen-juan', 'YSEN JUAN', '44869386', 'jysen@almoperations.com', NULL, NULL, NULL, NULL, 'soltero', 'M', NULL, 183, NULL, '2023-09-07 17:43:51', '2023-09-07 17:43:51'),
(476, 'delosada-alberto', 'DE LOSADA ALBERTO', '08275953', 'adelosada@almoperations.com', NULL, NULL, NULL, NULL, 'casado', 'M', NULL, 185, NULL, '2023-09-07 17:43:51', '2023-09-07 17:43:51'),
(477, 'escudero-maria-cecilia', 'ESCUDERO MARIA CECILIA', '09342977', 'mescudero@almoperations.com', NULL, NULL, NULL, NULL, 'casado', 'F', NULL, 186, NULL, '2023-09-07 17:43:51', '2023-09-07 17:43:51'),
(478, 'arbañil-erika', 'ARBAÑIL ERIKA', '10589031', 'earbanil@almoperations.com', NULL, NULL, NULL, NULL, 'casado', 'F', NULL, 193, NULL, '2023-09-07 17:43:51', '2023-09-07 17:43:51'),
(479, 'aliaga-elisa', 'ALIAGA ELISA', '41598967', 'ealiaga@almoperations.com', NULL, NULL, NULL, NULL, 'casado', 'F', NULL, 189, NULL, '2023-09-07 17:43:51', '2023-09-07 17:43:51'),
(480, 'blacido-betzabeth', 'BLACIDO BETZABETH', '70021836', 'bblacido@almoperations.com', NULL, NULL, NULL, NULL, 'soltero', 'F', NULL, 196, NULL, '2023-09-07 17:43:51', '2023-09-07 17:43:51'),
(481, 'arevalo-frida', 'AREVALO-FRIDA', '44215569', 'farevalo@almoperations.com', NULL, NULL, NULL, NULL, 'soltero', 'F', NULL, 194, NULL, '2023-09-07 17:43:51', '2023-09-07 17:43:51'),
(482, 'yactayo-fabiola', 'YACTAYO FABIOLA', '47089904', 'fyactayo@almoperations.com', NULL, NULL, NULL, NULL, 'soltero', 'F', NULL, 191, NULL, '2023-09-07 17:43:51', '2023-09-07 17:43:51'),
(483, 'mayhuay-fiorella', 'MAYHUAY FIORELLA', '76614500', 'fmayhuay@almoperations.com', NULL, NULL, NULL, NULL, 'soltero', 'F', NULL, 192, NULL, '2023-09-07 17:43:51', '2023-09-07 17:43:51'),
(484, 'ramos-marcos', 'RAMOS MARCOS', '80599715', 'mramos@almoperations.com', NULL, NULL, NULL, NULL, 'casado', 'M', NULL, 195, NULL, '2023-09-07 17:43:51', '2023-09-07 17:43:51'),
(485, 'guizado-nathalie', 'GUIZADO NATHALIE', '70324104', 'nguizado@almoperations.com', NULL, NULL, NULL, NULL, 'soltero', 'F', NULL, 197, NULL, '2023-09-07 17:43:51', '2023-09-07 17:43:51'),
(486, 'choque-estefani', 'CHOQUE ESTEFANI', '71658319', 'echoque@almoperations.com', NULL, NULL, NULL, NULL, 'soltero', 'F', NULL, 185, NULL, '2023-09-07 17:43:51', '2023-09-07 17:43:51'),
(487, 'saavedra-pamela', 'SAAVEDRA PAMELA', '41731280', 'psaavedra@almoperations.com', NULL, NULL, NULL, NULL, 'casado', 'F', NULL, 188, NULL, '2023-09-07 17:43:51', '2023-09-07 17:43:51'),
(488, 'cordova-jesus', 'CORDOVA JESÚS', '42857956', 'jcordova@almoperations.com', NULL, NULL, NULL, NULL, 'soltero', 'M', NULL, 190, NULL, '2023-09-07 17:43:51', '2023-09-07 17:43:51'),
(489, 'sanchez-paolo', 'SANCHEZ PAOLO', '77392668', 'psanchez@almoperations.com', NULL, NULL, NULL, NULL, 'soltero', 'M', NULL, 198, NULL, '2023-09-07 17:43:51', '2023-09-07 17:43:51'),
(490, 'camara-aroom', 'CAMARA AROOM', '74391098', 'acamara@almoperations.com', NULL, NULL, NULL, NULL, 'soltero', 'M', NULL, 198, NULL, '2023-09-07 17:43:51', '2023-09-07 17:43:51'),
(491, 'escajadillo-arnold', 'ESCAJADILLO ARNOLD', '48225192', 'aescajadillo@almoperations.com', NULL, NULL, NULL, NULL, 'soltero', 'M', NULL, 198, NULL, '2023-09-07 17:43:51', '2023-09-07 17:43:51'),
(492, 'vilcas-henry', 'VILCAS HENRY', '40768086', 'hvilcas@almoperations.com', NULL, NULL, NULL, NULL, 'casado', 'M', NULL, 198, NULL, '2023-09-07 17:43:51', '2023-09-07 17:43:51'),
(493, 'contreras-moises', 'CONTRERAS MOISÉS', '42769203', 'mcontreras@almoperations.com', NULL, NULL, NULL, NULL, 'casado', 'M', NULL, 198, NULL, '2023-09-07 17:43:51', '2023-09-07 17:43:51');

-- --------------------------------------------------------

--
-- Estructura de tabla para la tabla `persona_messages`
--

CREATE TABLE `persona_messages` (
  `id` int(10) UNSIGNED NOT NULL,
  `message` text COLLATE utf8_unicode_ci,
  `persona_id` int(10) UNSIGNED NOT NULL,
  `persona_cumpleanio_id` int(10) UNSIGNED NOT NULL,
  `created_at` timestamp NULL DEFAULT NULL,
  `updated_at` timestamp NULL DEFAULT NULL
) ENGINE=InnoDB DEFAULT CHARSET=utf8 COLLATE=utf8_unicode_ci;

--
-- Volcado de datos para la tabla `persona_messages`
--

INSERT INTO `persona_messages` (`id`, `message`, `persona_id`, `persona_cumpleanio_id`, `created_at`, `updated_at`) VALUES
(1, 'Feliz cumpleaños, que sea un excelente día...\nCuidado se te cae el celular...  ', 66, 107, '2018-08-22 14:12:09', '2018-08-22 14:12:09'),
(2, 'Muchas felicidades. Disfruta de tu día', 75, 107, '2018-08-22 22:49:25', '2018-08-22 22:49:25'),
(3, 'Feliz cumpleaños Laura, que la pases súper bien en compañía de tus seres queridos.\nDios te bendiga', 66, 68, '2018-08-30 17:13:29', '2018-08-30 17:13:29'),
(4, 'Feliz cumpleaños, que la pases excelente el día de hoy.', 66, 183, '2018-09-03 17:21:04', '2018-09-03 17:21:04'),
(5, 'Feliz cumpleaños, que la pases bien.', 66, 158, '2018-10-11 15:24:14', '2018-10-11 15:24:14'),
(6, 'Feliz cumpleaños de parte del equipo de sistemas.', 66, 41, '2018-11-06 17:45:06', '2018-11-06 17:45:06'),
(7, 'Feliz cumpleaños, que la pases muy bien al lado de las personas que te quieren y estiman.\nSalud', 66, 163, '2018-11-21 15:05:07', '2018-11-21 15:05:07'),
(8, 'Feliz cumpleaños, que la pases muy bien acompañado de tus seres queridos.', 66, 78, '2018-12-07 15:33:43', '2018-12-07 15:33:43'),
(9, 'TARA TARAN TAN TAN ..\nCUMPLEAÑOS FELIIIIZZZ  TE DESEAMOS A TIIIIII , FELIZZZ  CUMPLEAÑOS  HEIDYSITA  FELIZ CUMPEAÑOS A TIIIIIII....\nUN ABRAZO HEIDY YA NOS VEREMOS PARA  SALUDARTE AMIA..QUE TENGAS UN LINDO DIA.', 201, 36, '2019-02-08 15:35:23', '2019-02-08 15:35:23'),
(10, 'Feliz Cumpleaños!', 115, 306, '2019-06-27 17:32:42', '2019-06-27 17:32:42');

-- --------------------------------------------------------

--
-- Estructura de tabla para la tabla `roles`
--

CREATE TABLE `roles` (
  `id` int(10) UNSIGNED NOT NULL,
  `name` varchar(255) COLLATE utf8_unicode_ci NOT NULL,
  `description` text COLLATE utf8_unicode_ci,
  `created_at` timestamp NULL DEFAULT NULL,
  `updated_at` timestamp NULL DEFAULT NULL
) ENGINE=InnoDB DEFAULT CHARSET=utf8 COLLATE=utf8_unicode_ci;

--
-- Volcado de datos para la tabla `roles`
--

INSERT INTO `roles` (`id`, `name`, `description`, `created_at`, `updated_at`) VALUES
(1, 'superadmin', 'Super Administrador', '2017-12-18 19:26:19', '2017-12-18 19:26:19'),
(2, 'admin', 'Administrador', '2017-12-18 19:26:19', '2017-12-18 19:26:19'),
(3, 'user', 'Usuario', '2017-12-18 19:26:19', '2017-12-18 19:26:19');

-- --------------------------------------------------------

--
-- Estructura de tabla para la tabla `rrhh_files`
--

CREATE TABLE `rrhh_files` (
  `id` int(10) UNSIGNED NOT NULL,
  `filename` text COLLATE utf8_unicode_ci NOT NULL,
  `resized_name` text COLLATE utf8_unicode_ci NOT NULL,
  `original_name` text COLLATE utf8_unicode_ci NOT NULL,
  `created_at` timestamp NULL DEFAULT NULL,
  `updated_at` timestamp NULL DEFAULT NULL
) ENGINE=InnoDB DEFAULT CHARSET=utf8 COLLATE=utf8_unicode_ci;

--
-- Volcado de datos para la tabla `rrhh_files`
--

INSERT INTO `rrhh_files` (`id`, `filename`, `resized_name`, `original_name`, `created_at`, `updated_at`) VALUES
(1, 'bda36790333b6a888cfd71a4d278f9a1e708bcbf.pdf', 'bda36790333b6a888cfd71a4d278f9a1e708bcbffQ.pdf', 'ALFA PRODUCCIONES - PERMISO DE SALIDA.pdf', '2018-11-14 17:10:56', '2018-11-14 17:10:56'),
(2, '73817836cdef5f5e07d4f801d8e87fb6fbbc8919.pdf', '73817836cdef5f5e07d4f801d8e87fb6fbbc891996.pdf', 'CABLE VIDEO PERU - PERMISO DE SALIDA.pdf', '2018-11-14 17:10:56', '2018-11-14 17:10:56'),
(3, '3b507a8d0f321fa6adbec63ed431976b1c9c0fe5.pdf', '3b507a8d0f321fa6adbec63ed431976b1c9c0fe5Ya.pdf', 'GRUPO TELECOM - PERMISO DE SALIDA.pdf', '2018-11-14 17:10:57', '2018-11-14 17:10:57'),
(4, '593fbc9805316e87898d955a313bcd8c4a94c108.pdf', '593fbc9805316e87898d955a313bcd8c4a94c1085p.pdf', 'CABLE PERU - HORA EXTRA.pdf', '2018-11-14 21:40:53', '2018-11-14 21:40:53'),
(5, '53089dd33aa015372c129243d176c9bd8dd1104e.pdf', '53089dd33aa015372c129243d176c9bd8dd1104eLj.pdf', 'GRUPO TELECOM - HORA EXTRA.pdf', '2018-11-14 21:40:53', '2018-11-14 21:40:53'),
(6, '310b02ce585ced17f596e19f2b170df9507cc11f.pdf', '310b02ce585ced17f596e19f2b170df9507cc11fT9.pdf', 'UTV - HORA EXTRA.pdf', '2018-11-14 21:40:53', '2018-11-14 21:40:53'),
(9, 'ca4e8d21ece95bdef5be410dc45d3cd858d2ef48.pdf', 'ca4e8d21ece95bdef5be410dc45d3cd858d2ef4868.pdf', 'INFORMATIVO DEL PLAN EPS RIMAC 2019.pdf', '2019-05-14 23:19:48', '2019-05-14 23:19:48'),
(10, '5c26d2530cf266fee82c12daf3bec791e40c8da9.pdf', '5c26d2530cf266fee82c12daf3bec791e40c8da9IN.pdf', 'HORAS DE HORAS EXTRAS nocturnas- CVP.pdf', '2019-12-09 23:59:49', '2019-12-09 23:59:49');

-- --------------------------------------------------------

--
-- Estructura de tabla para la tabla `sedes`
--

CREATE TABLE `sedes` (
  `id` int(10) UNSIGNED NOT NULL,
  `nombre` varchar(255) COLLATE utf8_unicode_ci DEFAULT NULL,
  `slug` varchar(255) COLLATE utf8_unicode_ci DEFAULT NULL,
  `prefijo` varchar(3) COLLATE utf8_unicode_ci DEFAULT NULL,
  `direccion` varchar(255) COLLATE utf8_unicode_ci DEFAULT NULL,
  `latitud` varchar(255) COLLATE utf8_unicode_ci DEFAULT NULL,
  `longitud` varchar(255) COLLATE utf8_unicode_ci DEFAULT NULL,
  `deleted_at` timestamp NULL DEFAULT NULL,
  `created_at` timestamp NULL DEFAULT NULL,
  `updated_at` timestamp NULL DEFAULT NULL
) ENGINE=InnoDB DEFAULT CHARSET=utf8 COLLATE=utf8_unicode_ci;

--
-- Volcado de datos para la tabla `sedes`
--

INSERT INTO `sedes` (`id`, `nombre`, `slug`, `prefijo`, `direccion`, `latitud`, `longitud`, `deleted_at`, `created_at`, `updated_at`) VALUES
(9, 'ALM OPERATIONS', 'alm-operations', 'ALM', NULL, NULL, NULL, NULL, '2023-09-07 17:35:01', '2023-09-07 17:35:01'),
(10, 'EXTERNO', 'externo', 'EXT', NULL, NULL, NULL, NULL, '2023-09-07 17:35:19', '2023-09-07 17:35:19');

-- --------------------------------------------------------

--
-- Estructura de tabla para la tabla `sub_listas`
--

CREATE TABLE `sub_listas` (
  `id` int(10) UNSIGNED NOT NULL,
  `slug` varchar(255) COLLATE utf8_unicode_ci DEFAULT NULL,
  `nombre` varchar(255) COLLATE utf8_unicode_ci DEFAULT NULL,
  `descripcion` text COLLATE utf8_unicode_ci,
  `sub_lista_id` int(10) UNSIGNED DEFAULT NULL,
  `lista_id` int(10) UNSIGNED NOT NULL,
  `created_user_id` int(10) UNSIGNED NOT NULL DEFAULT '1',
  `updated_user_id` int(10) UNSIGNED NOT NULL DEFAULT '1',
  `deleted_at` timestamp NULL DEFAULT NULL,
  `created_at` timestamp NULL DEFAULT NULL,
  `updated_at` timestamp NULL DEFAULT NULL
) ENGINE=InnoDB DEFAULT CHARSET=utf8 COLLATE=utf8_unicode_ci;

--
-- Volcado de datos para la tabla `sub_listas`
--

INSERT INTO `sub_listas` (`id`, `slug`, `nombre`, `descripcion`, `sub_lista_id`, `lista_id`, `created_user_id`, `updated_user_id`, `deleted_at`, `created_at`, `updated_at`) VALUES
(7, 'pendiente', 'PENDIENTE', NULL, NULL, 2, 1, 1, NULL, '2018-08-15 16:40:08', '2018-08-15 16:40:08'),
(8, 'asignado', 'ASIGNADO', NULL, NULL, 2, 1, 1, NULL, '2018-08-15 16:40:14', '2018-08-15 16:40:14'),
(9, 'atendido', 'ATENDIDO', NULL, NULL, 2, 1, 1, NULL, '2018-08-15 16:41:36', '2018-08-15 16:41:36'),
(10, 'con-incidencia', 'CON INCIDENCIA', NULL, NULL, 2, 1, 1, NULL, '2018-08-15 16:41:43', '2018-08-15 16:41:43'),
(50, 'erp', 'ERP', 'Reportar requerimientos relacionados a Desarrollo y Soporte de Software ERP', NULL, 1, 1, 1, NULL, '2023-09-07 17:24:56', '2023-09-07 17:24:56'),
(51, 'modulos-web-invista', 'MÓDULOS WEB INVISTA', 'Reportar requerimientos relacionados a  Desarrollo y Soporte de Software Módulos web INVISTA', NULL, 1, 1, 1, NULL, '2023-09-07 17:25:48', '2023-09-07 17:25:48'),
(52, 'apps', 'APPs', 'Reportar requerimientos relacionados a Desarrollo y Soporte de Software APPs de INVISTA', NULL, 1, 1, 1, NULL, '2023-09-07 17:26:21', '2023-09-07 17:26:21'),
(53, 'office-365', 'OFFICE 365', 'Reportar requerimientos relacionados a HelpDesk Office 365', NULL, 1, 1, 1, NULL, '2023-09-07 17:26:39', '2023-09-07 17:26:39'),
(54, 'hardware', 'HARDWARE', 'Reportar requerimientos relacionados a HelpDesk Hardware', NULL, 1, 1, 1, NULL, '2023-09-07 17:27:06', '2023-09-07 17:27:06'),
(56, 'compras', 'COMPRAS', NULL, 50, 1, 1, 1, NULL, '2023-09-07 17:27:33', '2023-09-07 17:27:33'),
(57, 'ventas', 'VENTAS', NULL, 50, 1, 1, 1, NULL, '2023-09-07 17:27:49', '2023-09-07 17:27:49'),
(58, 'adm-finanzas', 'ADMINISTRACIÓN Y FINANZAS', NULL, 50, 1, 1, 1, NULL, '2023-09-07 17:28:07', '2023-09-07 17:28:07'),
(59, 'mov-transporte', 'MOVIMIENTOS DE TRANSPORTE', NULL, 51, 1, 1, 1, NULL, '2023-09-07 17:28:42', '2023-09-07 17:28:42'),
(60, 'gest-inventario', 'GESTIÓN DE INVENTARIO', NULL, 51, 1, 1, 1, NULL, '2023-09-07 17:28:55', '2023-09-07 17:28:55'),
(61, 'mant-activos', 'MANTENIMIENTO DE ACTIVOS', NULL, 51, 1, 1, 1, NULL, '2023-09-07 17:29:02', '2023-09-07 17:29:02'),
(62, 'hab-personal', 'HABILITACIÓN DE PERSONAL', NULL, 51, 1, 1, 1, NULL, '2023-09-07 17:29:10', '2023-09-07 17:29:10'),
(63, 'incidencias1', 'INCIDENCIAS', NULL, 51, 1, 1, 1, NULL, '2023-09-07 17:29:53', '2023-09-07 17:29:53'),
(64, 'prod-pozas1', 'PRODUCCIÓN DE POZAS', NULL, 51, 1, 1, 1, NULL, '2023-09-07 17:30:01', '2023-09-07 17:30:01'),
(65, 'cont-prest-herr1', 'CONTROL DE PRÉSTAMO DE HERRAMIENTAS', NULL, 51, 1, 1, 1, NULL, '2023-09-07 17:30:09', '2023-09-07 17:30:09'),
(66, 'cont-asig-epps', 'CONTROL DE ASIGNACIÓN DE EPPs', NULL, 51, 1, 1, 1, NULL, NULL, NULL),
(67, 'gest-ped-rqs', 'GESTIÓN DE PEDIDOS RQs', NULL, 51, 1, 1, 1, NULL, NULL, NULL),
(68, 'fact-prov', 'FACTURACIÓN DE PROVEEDORES', NULL, 51, 1, 1, 1, NULL, NULL, NULL),
(69, 'cont-prest-herr2', 'CONTROL DE PRÉSTAMO DE HERRAMIENTAS', NULL, 52, 1, 1, 1, NULL, NULL, NULL),
(70, 'incidencias2', 'INCIDENCIAS', NULL, 52, 1, 1, 1, NULL, NULL, NULL),
(71, 'prod-pozas2', 'PRODUCCIÓN DE POZAS', NULL, 52, 1, 1, 1, NULL, '2023-09-07 17:30:01', '2023-09-07 17:30:01'),
(72, 'correos-elect', 'CORREOS ELECTRÓNICOS', NULL, 53, 1, 1, 1, NULL, NULL, NULL),
(73, 'sharepoint', 'SHAREPOINT', NULL, 53, 1, 1, 1, NULL, NULL, NULL),
(74, 'power-bi', 'POWER BI', NULL, 53, 1, 1, 1, NULL, NULL, NULL),
(75, 'impresoras', 'IMPRESORAS', NULL, 54, 1, 1, 1, NULL, NULL, NULL),
(76, 'laptops', 'LAPTOPS', NULL, 54, 1, 1, 1, NULL, NULL, NULL),
(77, 'cuentas-usuario', 'CUENTAS DE USUARIO', NULL, 53, 1, 1, 1, NULL, NULL, NULL);

-- --------------------------------------------------------

--
-- Estructura de tabla para la tabla `tickets`
--

CREATE TABLE `tickets` (
  `id` int(10) UNSIGNED NOT NULL,
  `codigo` varchar(255) COLLATE utf8_unicode_ci DEFAULT NULL,
  `asunto` varchar(255) COLLATE utf8_unicode_ci DEFAULT NULL,
  `descripcion` text COLLATE utf8_unicode_ci,
  `categoria_ticket_id` int(10) UNSIGNED DEFAULT NULL,
  `tipo_ticket_id` int(10) UNSIGNED DEFAULT NULL,
  `created_user_id` int(10) UNSIGNED NOT NULL DEFAULT '1',
  `updated_user_id` int(10) UNSIGNED NOT NULL DEFAULT '1',
  `deleted_at` timestamp NULL DEFAULT NULL,
  `created_at` timestamp NULL DEFAULT NULL,
  `updated_at` timestamp NULL DEFAULT NULL
) ENGINE=InnoDB DEFAULT CHARSET=utf8 COLLATE=utf8_unicode_ci;

--
-- Volcado de datos para la tabla `tickets`
--

INSERT INTO `tickets` (`id`, `codigo`, `asunto`, `descripcion`, `categoria_ticket_id`, `tipo_ticket_id`, `created_user_id`, `updated_user_id`, `deleted_at`, `created_at`, `updated_at`) VALUES
(1, '20240712-477-1', 'Crear reporte de Pedidos', 'crear reporte', 51, 67, 477, 477, '2024-07-22 16:51:33', '2024-07-12 19:09:38', '2024-07-22 16:51:33'),
(2, '20240722-477-2', 'Cotizar impresoras proyecto BETA', 'Cotizar modelos de impresoras en formato A4 y A5 para proyecto BETA', 54, 75, 477, 477, '2024-07-22 16:51:22', '2024-07-22 16:42:00', '2024-07-22 16:51:22'),
(3, '20240722-470-3', 'Cotizar impresora BETA', 'Cotizar modelo de impresora laser para proyecto BET, debe tener doble bandeja para formato A4 y A5.', 54, 75, 471, 471, NULL, '2024-07-22 16:47:04', '2024-07-22 16:47:04'),
(4, '20240724-470-2', 'Actualizar cuentas contables por reclasificación', 'Modificar cuentas contables históricas por reclasificación', 50, 58, 471, 471, NULL, '2024-07-24 17:28:06', '2024-07-24 17:28:06'),
(5, '20240724-470-3', 'Actualizar saldos en Facturas de Compra y Anticipos', 'Los saldos de las facturas de compra presentan inconsistencia de acuerdo al historial de pagos', 50, 58, 471, 471, NULL, '2024-07-24 22:03:39', '2024-07-24 22:03:39'),
(13, '20240807-470-4', 'Actualizar reporte Overhead', 'Se necesita retirar las cuentas contables: SCTR Salud, SCTR Pensión y Essalud Vida  del reporte de Overhead', 50, 58, 471, 471, NULL, '2024-08-07 15:41:28', '2024-08-07 15:41:28'),
(14, '20240807-470-5', 'Cargar documentos no copiados en solicutudes de pases laborales', 'Los documentos que se deben cargar son \"Formato Grupo II Solicitud Carnet\" y \"Solicitud Firmada por Administrador de Contrato (Carta)\"', 51, 62, 471, 471, NULL, '2024-08-07 15:53:52', '2024-08-07 15:53:52'),
(15, '20240807-470-6', 'Asignación de laptop', 'Asignar laptop a Joel Ferrari Navarrete Arones nuevo Jefe de Operaciones', 54, 76, 471, 471, NULL, '2024-08-07 17:02:11', '2024-08-07 17:02:11'),
(16, '20240807-470-7', 'Creación de correo electrónico corporativo', 'Crear correo electrónico al Jefe de Operaciones Joel Ferrari Navarrete Arones: jnavarrete@almoperations.com con (Plan Anual)', 53, 72, 471, 471, NULL, '2024-08-07 17:03:29', '2024-08-07 17:03:29'),
(17, '20240808-470-8', 'Enviar contraseña de correo', 'Solicito tu apoyo facilitándome la clave de este email para poder tener el email en mi celular laboral. Email: supervisor.frontera@almoperations.com', 53, 72, 471, 471, NULL, '2024-08-08 15:45:41', '2024-08-08 15:45:41'),
(18, '20240808-470-9', 'Modificar número de DNI', 'El trabajador ya cuenta con solicitud emitida, se requiere modificar el número de DNI por mal ingreso', 51, 62, 471, 471, NULL, '2024-08-08 21:38:47', '2024-08-08 21:38:47'),
(19, '20240812-470-10', 'Actualización de saldo de FT', 'Se necesita actualizar el saldo de la FT del proveedor MARKS ANGEL EIRL, tiene devolución registrada solo por asiento contable', 50, 58, 471, 471, NULL, '2024-08-12 15:24:32', '2024-08-12 15:24:32'),
(20, '20240812-470-11', 'No puedo visualizar el reporte', 'No se visualiza el reporte de herramientas', 51, 65, 471, 471, NULL, '2024-08-12 21:11:05', '2024-08-12 21:11:05'),
(21, '20240814-485-12', 'ACCESO AL SISTEMA INTEGRADO DE GESTIÓN', 'Brindar acceso de la carpeta con ruta: 1 SIG al siguiente correo: jnavarrete@almoperations.com \r\n\r\nEl correo debe tener permiso de visualización para la carpeta del SIG', 53, 73, 485, 485, NULL, '2024-08-14 20:23:43', '2024-08-14 20:23:43'),
(22, '20240815-470-13', 'Solicitud de aprobadores para el area SERVGEN', 'Habilitar usuarios del área de abastecimiento y servicios para que puedan aprobar las solicitudes del área de servicios generales:\r\n1.	Miryam Chanduvi\r\n2.	Carlos Gonzales\r\n3.	Saul Peralta', 51, 62, 471, 471, NULL, '2024-08-15 16:04:13', '2024-08-15 16:04:13'),
(23, '20240815-470-14', 'Creación de usuario e instalación del ERP', 'Se solicita crear el usuario de Joel Navarrete e instalar el ERP en su laptop', 50, 58, 471, 471, NULL, '2024-08-15 16:29:51', '2024-08-15 16:29:51'),
(24, '20240819-484-15', 'ingreso de mercaderia', 'OC 1176 MERCADERIA RECIBIDA 199, NO PUEDO INGRESAR SALE ERROR.', 50, 56, 484, 484, NULL, '2024-08-19 14:17:59', '2024-08-19 14:17:59'),
(25, '20240819-484-16', 'INGRESO MERCADERIA', 'EL DOCUMENTO ESTA ADJUNTADO , PERO IGUAL SALE ADJUNTAR', 50, 56, 484, 484, NULL, '2024-08-19 19:13:40', '2024-08-19 19:13:40'),
(26, '20240820-470-17', 'Agregar campos al correo de rendiciones', 'Se solicita agregar monto, centro de costo y aprobares al momento de enviar la alerta de creación de rendición de gasto', 50, 58, 471, 471, NULL, '2024-08-20 17:51:27', '2024-08-20 17:51:27');

-- --------------------------------------------------------

--
-- Estructura de tabla para la tabla `ticket_estados`
--

CREATE TABLE `ticket_estados` (
  `id` int(10) UNSIGNED NOT NULL,
  `ticket_id` int(10) UNSIGNED DEFAULT NULL,
  `pendiente_ticket_id` int(10) UNSIGNED DEFAULT NULL,
  `mensaje_pendiente` text COLLATE utf8_unicode_ci,
  `fecha_inicio_pendiente` datetime DEFAULT NULL,
  `fecha_fin_pendiente` datetime DEFAULT NULL,
  `asignado_ticket_id` int(10) UNSIGNED DEFAULT NULL,
  `mensaje_asignado` text COLLATE utf8_unicode_ci,
  `asignado_user_id` int(10) UNSIGNED DEFAULT NULL,
  `fecha_inicio_asignado` datetime DEFAULT NULL,
  `fecha_fin_asignado` datetime DEFAULT NULL,
  `conincidencia_ticket_id` int(10) UNSIGNED DEFAULT NULL,
  `mensaje_conincidencia` text COLLATE utf8_unicode_ci,
  `fecha_inicio_conincidencia` datetime DEFAULT NULL,
  `fecha_fin_conincidencia` datetime DEFAULT NULL,
  `atendido_ticket_id` int(10) UNSIGNED DEFAULT NULL,
  `mensaje_atendido` text COLLATE utf8_unicode_ci,
  `fecha_inicio_atendido` datetime DEFAULT NULL,
  `fecha_fin_atendido` datetime DEFAULT NULL,
  `created_user_id` int(10) UNSIGNED NOT NULL DEFAULT '1',
  `updated_user_id` int(10) UNSIGNED NOT NULL DEFAULT '1',
  `deleted_at` timestamp NULL DEFAULT NULL,
  `created_at` timestamp NULL DEFAULT NULL,
  `updated_at` timestamp NULL DEFAULT NULL
) ENGINE=InnoDB DEFAULT CHARSET=utf8 COLLATE=utf8_unicode_ci;

--
-- Volcado de datos para la tabla `ticket_estados`
--

INSERT INTO `ticket_estados` (`id`, `ticket_id`, `pendiente_ticket_id`, `mensaje_pendiente`, `fecha_inicio_pendiente`, `fecha_fin_pendiente`, `asignado_ticket_id`, `mensaje_asignado`, `asignado_user_id`, `fecha_inicio_asignado`, `fecha_fin_asignado`, `conincidencia_ticket_id`, `mensaje_conincidencia`, `fecha_inicio_conincidencia`, `fecha_fin_conincidencia`, `atendido_ticket_id`, `mensaje_atendido`, `fecha_inicio_atendido`, `fecha_fin_atendido`, `created_user_id`, `updated_user_id`, `deleted_at`, `created_at`, `updated_at`) VALUES
(1, 1, 7, NULL, '2024-07-12 13:09:38', NULL, NULL, NULL, NULL, NULL, NULL, NULL, NULL, NULL, NULL, NULL, NULL, NULL, NULL, 477, 477, '2024-07-22 16:51:33', '2024-07-12 19:09:38', '2024-07-22 16:51:33'),
(2, 2, 7, NULL, '2024-07-22 10:42:00', NULL, NULL, NULL, NULL, NULL, NULL, NULL, NULL, NULL, NULL, NULL, NULL, NULL, NULL, 477, 477, '2024-07-22 16:51:22', '2024-07-22 16:42:00', '2024-07-22 16:51:22'),
(3, 3, 7, NULL, '2024-07-22 10:47:04', '2024-07-22 10:52:05', 8, 'La atención del ticket sera brindada por el técnico <strong>UBILLUS OSCAR</strong>', 471, '2024-07-22 10:52:05', '2024-07-22 10:53:51', 10, 'Se solicita confirmación de los formatos que debe tener la impresora', '2024-07-22 10:53:51', '2024-07-31 11:38:18', 9, 'Se envió una cotización en marca BROTHER modelo MFC-L8900CDW de doble bandeja y se actualizó la cotización de otra impresora marca BROTHER modelo DCP-L2540DW de una sola bandeja', '2024-07-31 11:38:18', '2024-07-31 11:38:18', 471, 471, NULL, '2024-07-22 16:47:04', '2024-07-31 17:38:18'),
(4, 4, 7, NULL, '2024-07-24 11:28:06', '2024-07-24 11:29:24', 8, 'La atención del ticket sera brindada por el técnico <strong>UBILLUS OSCAR</strong>', 471, '2024-07-24 11:29:24', '2024-07-24 11:30:44', 10, 'El cambio requiere creación y configuración de etiquetas', '2024-07-24 11:30:44', '2024-07-24 11:32:14', 9, 'Se procedió a actualizar los registros de factura de compra y asientos contables de las nuevas cuentas reclasificadas.', '2024-07-24 11:32:14', '2024-07-24 11:32:14', 471, 471, NULL, '2024-07-24 17:28:06', '2024-07-24 17:32:14'),
(5, 5, 7, NULL, '2024-07-24 16:03:39', '2024-07-24 16:04:10', 8, 'La atención del ticket sera brindada por el técnico <strong>UBILLUS OSCAR</strong>', 471, '2024-07-24 16:04:10', '2024-07-24 16:04:31', 10, 'Se harán las revisiones necesarias', '2024-07-24 16:04:31', '2024-07-24 16:05:22', 9, 'Se hicieron las correcciones en los saldos de facturas de compra, se hará seguimiento a otros futuros casos', '2024-07-24 16:05:22', '2024-07-24 16:05:22', 471, 471, NULL, '2024-07-24 22:03:39', '2024-07-24 22:05:22'),
(13, 13, 7, NULL, '2024-08-07 09:41:28', '2024-08-07 09:43:08', 8, 'La atención del ticket sera brindada por el técnico <strong>UBILLUS OSCAR</strong>', 471, '2024-08-07 09:43:08', '2024-08-07 09:46:00', 10, 'Se hará la actualización del reporte mediante lista de cuentas contables que no se desean visualizar', '2024-08-07 09:46:00', '2024-08-08 15:06:29', 9, 'Se envió correo electrónico al usuario indicando cómo se debe configurar el ERP para que el reporte NO muestre las cuentas contables de SCTR y Essalud solicitadas.', '2024-08-08 15:06:29', '2024-08-08 15:06:29', 471, 471, NULL, '2024-08-07 15:41:28', '2024-08-08 21:06:29'),
(14, 14, 7, NULL, '2024-08-07 09:53:52', '2024-08-07 09:54:23', 8, 'La atención del ticket sera brindada por el técnico <strong>UBILLUS OSCAR</strong>', 471, '2024-08-07 09:54:23', '2024-08-07 10:30:35', 10, 'Se procede con la atención', '2024-08-07 10:30:35', '2024-08-07 10:31:24', 9, 'Se actualizaron los documentos solicitados', '2024-08-07 10:31:24', '2024-08-07 10:31:24', 471, 471, NULL, '2024-08-07 15:53:52', '2024-08-07 16:31:24'),
(15, 15, 7, NULL, '2024-08-07 11:02:11', '2024-08-07 11:21:24', 8, 'La atención del ticket sera brindada por el técnico <strong>UBILLUS OSCAR</strong>', 471, '2024-08-07 11:21:24', '2024-08-07 11:22:01', 10, 'Se procede con la atención', '2024-08-07 11:22:01', '2024-08-12 10:16:41', 9, 'Se entregó el viernes 09/Ago', '2024-08-12 10:16:41', '2024-08-12 10:16:41', 471, 471, NULL, '2024-08-07 17:02:11', '2024-08-12 16:16:41'),
(16, 16, 7, NULL, '2024-08-07 11:03:29', '2024-08-07 11:20:31', 8, 'La atención del ticket sera brindada por el técnico <strong>UBILLUS OSCAR</strong>', 471, '2024-08-07 11:20:31', '2024-08-07 11:20:55', 10, 'Se atenderá la solicitud', '2024-08-07 11:20:55', '2024-08-08 15:35:36', 9, 'Se creó la cuenta de correo solicitada', '2024-08-08 15:35:36', '2024-08-08 15:35:36', 471, 471, NULL, '2024-08-07 17:03:29', '2024-08-08 21:35:36'),
(17, 17, 7, NULL, '2024-08-08 09:45:41', '2024-08-08 09:45:59', 8, 'La atención del ticket sera brindada por el técnico <strong>UBILLUS OSCAR</strong>', 471, '2024-08-08 09:45:59', '2024-08-08 09:46:47', 10, 'Se enviará en el menor lapso de tiempo posible', '2024-08-08 09:46:47', '2024-08-08 09:47:21', 9, 'Se envían las credenciales de acceso por correo electrónico', '2024-08-08 09:47:21', '2024-08-08 09:47:21', 471, 471, NULL, '2024-08-08 15:45:41', '2024-08-08 15:47:21'),
(18, 18, 7, NULL, '2024-08-08 15:38:47', '2024-08-08 15:39:42', 8, 'La atención del ticket sera brindada por el técnico <strong>UBILLUS OSCAR</strong>', 471, '2024-08-08 15:39:42', '2024-08-08 15:40:12', 10, 'Se revisarán los documentos registrados y se hará la actualización del número de DNI', '2024-08-08 15:40:12', '2024-08-08 15:50:25', 9, 'Se procedió con la actualización', '2024-08-08 15:50:25', '2024-08-08 15:50:25', 471, 471, NULL, '2024-08-08 21:38:47', '2024-08-08 21:50:25'),
(19, 19, 7, NULL, '2024-08-12 09:24:32', '2024-08-12 09:27:10', 8, 'La atención del ticket sera brindada por el técnico <strong>UBILLUS OSCAR</strong>', 471, '2024-08-12 09:27:10', '2024-08-12 09:34:39', 10, 'Se procederá con la atención', '2024-08-12 09:34:39', '2024-08-12 10:19:29', 9, 'Saldo actualizado', '2024-08-12 10:19:29', '2024-08-12 10:19:29', 471, 471, NULL, '2024-08-12 15:24:32', '2024-08-12 16:19:29'),
(20, 20, 7, NULL, '2024-08-12 15:11:05', '2024-08-12 15:12:01', 8, 'La atención del ticket sera brindada por el técnico <strong>UBILLUS OSCAR</strong>', 471, '2024-08-12 15:12:01', '2024-08-12 15:13:20', 10, 'Se procederá con la atención', '2024-08-12 15:13:20', '2024-08-12 15:13:57', 9, 'La solicitud ha sido atendido, por favor revisar', '2024-08-12 15:13:57', '2024-08-12 15:13:57', 471, 471, NULL, '2024-08-12 21:11:05', '2024-08-12 21:13:57'),
(21, 21, 7, NULL, '2024-08-14 14:23:43', '2024-08-14 14:24:17', 8, 'La atención del ticket sera brindada por el personal <strong>UBILLUS OSCAR</strong>', 471, '2024-08-14 14:24:17', '2024-08-14 14:25:11', 10, 'Se procederá con la asignación del permiso', '2024-08-14 14:25:11', '2024-08-14 14:29:48', 9, 'Se asignó el acceso a la cuenta de correo jnavarrete@almoperations.com con permiso de visualización a la carpeta 1 SIG', '2024-08-14 14:29:48', '2024-08-14 14:29:48', 485, 485, NULL, '2024-08-14 20:23:43', '2024-08-14 20:29:48'),
(22, 22, 7, NULL, '2024-08-15 10:04:13', '2024-08-15 10:04:36', 8, 'La atención del ticket sera brindada por el personal <strong>UBILLUS OSCAR</strong>', 471, '2024-08-15 10:04:36', '2024-08-15 10:05:55', 10, 'Se procederá con la atención', '2024-08-15 10:05:55', '2024-08-15 10:06:58', 9, 'Se asginaron los permisos a los usuarios solicitados', '2024-08-15 10:06:58', '2024-08-15 10:06:58', 471, 471, NULL, '2024-08-15 16:04:13', '2024-08-15 16:06:58'),
(23, 23, 7, NULL, '2024-08-15 10:29:51', '2024-08-15 10:31:04', 8, 'La atención del ticket sera brindada por el personal <strong>UBILLUS OSCAR</strong>', 471, '2024-08-15 10:31:04', '2024-08-15 10:31:59', 10, 'Se procederá con la atención', '2024-08-15 10:31:59', '2024-08-15 10:33:56', 9, 'Se instaló el ERP en la laptop de Joel Navarrete y se creó su usuario', '2024-08-15 10:33:56', '2024-08-15 10:33:56', 471, 471, NULL, '2024-08-15 16:29:51', '2024-08-15 16:33:56'),
(24, 24, 7, NULL, '2024-08-19 08:17:59', '2024-08-19 13:51:25', 8, 'La atención del ticket sera brindada por el personal <strong>UBILLUS OSCAR</strong>', 471, '2024-08-19 13:51:25', '2024-08-20 10:35:22', 10, 'Se atenderá la solicitud', '2024-08-20 10:35:22', '2024-08-20 10:48:04', 9, 'Se procedió con la aprobación del ingreso de mercadería en el ERP', '2024-08-20 10:48:04', '2024-08-20 10:48:04', 484, 484, NULL, '2024-08-19 14:17:59', '2024-08-20 16:48:04'),
(25, 25, 7, NULL, '2024-08-19 13:13:40', '2024-08-19 15:10:28', 8, 'La atención del ticket sera brindada por el personal <strong>UBILLUS OSCAR</strong>', 471, '2024-08-19 15:10:28', '2024-08-20 10:49:57', 10, 'Se procederá con la atención', '2024-08-20 10:49:57', '2024-08-20 10:52:01', 9, 'Se procedió con la aprobación de la mercadería recibida, dentro de los archivos adjuntos faltaba indicar que el archivo es del tipo \"guía de remisión\"', '2024-08-20 10:52:01', '2024-08-20 10:52:01', 484, 484, NULL, '2024-08-19 19:13:40', '2024-08-20 16:52:01'),
(26, 26, 7, NULL, '2024-08-20 11:51:27', '2024-08-20 11:52:00', 8, 'La atención del ticket sera brindada por el personal <strong>UBILLUS OSCAR</strong>', 471, '2024-08-20 11:52:00', '2024-08-20 11:52:29', 10, 'Se procederá con la atención', '2024-08-20 11:52:29', '2024-08-20 11:53:27', 9, 'Se agregaron los campos moneda, monto y aprobadores en el cuerpo del mensaje, el centro de costo ya aparece en el asunto', '2024-08-20 11:53:27', '2024-08-20 11:53:27', 471, 471, NULL, '2024-08-20 17:51:27', '2024-08-20 17:53:27');

-- --------------------------------------------------------

--
-- Estructura de tabla para la tabla `ticket_fotos`
--

CREATE TABLE `ticket_fotos` (
  `id` int(10) UNSIGNED NOT NULL,
  `foto` varchar(255) COLLATE utf8_unicode_ci DEFAULT NULL,
  `ticket_id` int(10) UNSIGNED DEFAULT NULL,
  `created_at` timestamp NULL DEFAULT NULL,
  `updated_at` timestamp NULL DEFAULT NULL
) ENGINE=InnoDB DEFAULT CHARSET=utf8 COLLATE=utf8_unicode_ci;

--
-- Volcado de datos para la tabla `ticket_fotos`
--

INSERT INTO `ticket_fotos` (`id`, `foto`, `ticket_id`, `created_at`, `updated_at`) VALUES
(1, '2024-07-12-669171621950d.jpg', 1, '2024-07-12 19:09:38', '2024-07-12 19:09:38'),
(2, '2024-07-12-6691716242774.jpg', 1, '2024-07-12 19:09:38', '2024-07-12 19:09:38'),
(3, '2024-07-12-669171625bf69.png', 1, '2024-07-12 19:09:38', '2024-07-12 19:09:38'),
(4, '2024-07-22-669e7dc81d952.png', 2, '2024-07-22 16:42:00', '2024-07-22 16:42:00'),
(5, '2024-07-22-669e7ef8a9cea.png', 3, '2024-07-22 16:47:04', '2024-07-22 16:47:04'),
(6, '2024-07-24-66a16c2b836e2.png', 5, '2024-07-24 22:03:39', '2024-07-24 22:03:39'),
(7, '2024-08-07-66b3879831836.png', 13, '2024-08-07 15:41:28', '2024-08-07 15:41:28'),
(8, '2024-08-07-66b38a804b21a.png', 14, '2024-08-07 15:53:52', '2024-08-07 15:53:52'),
(9, '2024-08-07-66b39a831d424.png', 15, '2024-08-07 17:02:11', '2024-08-07 17:02:11'),
(10, '2024-08-07-66b39ad172718.png', 16, '2024-08-07 17:03:29', '2024-08-07 17:03:29'),
(11, '2024-08-08-66b4da159cdf1.png', 17, '2024-08-08 15:45:41', '2024-08-08 15:45:41'),
(12, '2024-08-12-66ba1b2031dd5.png', 19, '2024-08-12 15:24:32', '2024-08-12 15:24:32'),
(13, '2024-08-12-66ba1b20559bd.png', 19, '2024-08-12 15:24:32', '2024-08-12 15:24:32'),
(14, '2024-08-12-66ba6c5922175.png', 20, '2024-08-12 21:11:05', '2024-08-12 21:11:05'),
(15, '2024-08-12-66ba6c595610c.png', 20, '2024-08-12 21:11:05', '2024-08-12 21:11:05'),
(16, '2024-08-19-66c38b54e0495.jpeg', 25, '2024-08-19 19:13:41', '2024-08-19 19:13:41'),
(17, '2024-08-20-66c4c98f1fcbb.png', 26, '2024-08-20 17:51:27', '2024-08-20 17:51:27');

-- --------------------------------------------------------

--
-- Estructura de tabla para la tabla `user_personas`
--

CREATE TABLE `user_personas` (
  `id` int(10) UNSIGNED NOT NULL,
  `user_id` int(10) UNSIGNED NOT NULL,
  `persona_id` int(10) UNSIGNED NOT NULL,
  `created_at` timestamp NULL DEFAULT NULL,
  `updated_at` timestamp NULL DEFAULT NULL
) ENGINE=InnoDB DEFAULT CHARSET=utf8 COLLATE=utf8_unicode_ci;

--
-- Volcado de datos para la tabla `user_personas`
--

INSERT INTO `user_personas` (`id`, `user_id`, `persona_id`, `created_at`, `updated_at`) VALUES
(470, 471, 470, '2023-09-07 17:41:40', '2023-09-07 17:41:40'),
(471, 473, 472, '2023-09-07 17:43:52', '2023-09-07 17:43:52'),
(474, 470, 487, '2024-07-08 21:19:53', '2024-07-08 21:19:53'),
(475, 476, 476, '2024-07-08 21:20:53', '2024-07-08 21:20:53'),
(476, 477, 477, '2024-07-08 21:22:36', '2024-07-08 21:22:36'),
(477, 478, 478, '2024-07-08 21:23:40', '2024-07-08 21:23:40'),
(478, 479, 479, '2024-07-08 21:24:04', '2024-07-08 21:24:04'),
(479, 480, 480, '2024-07-08 21:24:22', '2024-07-08 21:24:22'),
(480, 481, 481, '2024-07-08 21:26:44', '2024-07-08 21:26:44'),
(481, 482, 482, '2024-07-08 21:27:03', '2024-07-08 21:27:03'),
(482, 483, 483, '2024-07-08 21:29:06', '2024-07-08 21:29:06'),
(483, 484, 484, '2024-07-08 21:29:22', '2024-07-08 21:29:22'),
(484, 485, 485, '2024-07-08 21:29:54', '2024-07-08 21:29:54'),
(485, 486, 486, '2024-07-08 21:30:22', '2024-07-08 21:30:22'),
(486, 488, 488, '2024-07-08 21:30:51', '2024-07-08 21:30:51'),
(487, 489, 489, '2024-07-08 21:32:47', '2024-07-08 21:32:47'),
(488, 490, 490, '2024-07-08 21:33:04', '2024-07-08 21:33:04'),
(489, 491, 491, '2024-07-08 21:33:18', '2024-07-08 21:33:18'),
(490, 492, 492, '2024-07-08 21:33:46', '2024-07-08 21:33:46'),
(491, 493, 493, '2024-07-08 21:34:03', '2024-07-08 21:34:03');

--
-- Índices para tablas volcadas
--

--
-- Indices de la tabla `areas`
--
ALTER TABLE `areas`
  ADD PRIMARY KEY (`id`),
  ADD KEY `areas_sede_id_foreign` (`sede_id`);

--
-- Indices de la tabla `cargos`
--
ALTER TABLE `cargos`
  ADD PRIMARY KEY (`id`),
  ADD KEY `cargos_area_id_foreign` (`area_id`);

--
-- Indices de la tabla `favoritos`
--
ALTER TABLE `favoritos`
  ADD PRIMARY KEY (`id`),
  ADD KEY `favoritos_user_id_foreign` (`user_id`),
  ADD KEY `favoritos_persona_id_foreign` (`persona_id`);

--
-- Indices de la tabla `listas`
--
ALTER TABLE `listas`
  ADD PRIMARY KEY (`id`),
  ADD KEY `listas_created_user_id_foreign` (`created_user_id`),
  ADD KEY `listas_updated_user_id_foreign` (`updated_user_id`);

--
-- Indices de la tabla `personas`
--
ALTER TABLE `personas`
  ADD PRIMARY KEY (`id`),
  ADD UNIQUE KEY `personas_email_unique` (`email`),
  ADD KEY `personas_cargo_id_foreign` (`cargo_id`);

--
-- Indices de la tabla `persona_messages`
--
ALTER TABLE `persona_messages`
  ADD PRIMARY KEY (`id`),
  ADD KEY `persona_messages_persona_id_foreign` (`persona_id`),
  ADD KEY `persona_messages_persona_cumpleanio_id_foreign` (`persona_cumpleanio_id`);

--
-- Indices de la tabla `roles`
--
ALTER TABLE `roles`
  ADD PRIMARY KEY (`id`);

--
-- Indices de la tabla `rrhh_files`
--
ALTER TABLE `rrhh_files`
  ADD PRIMARY KEY (`id`);

--
-- Indices de la tabla `sedes`
--
ALTER TABLE `sedes`
  ADD PRIMARY KEY (`id`);

--
-- Indices de la tabla `sub_listas`
--
ALTER TABLE `sub_listas`
  ADD PRIMARY KEY (`id`),
  ADD KEY `sub_listas_sub_lista_id_foreign` (`sub_lista_id`),
  ADD KEY `sub_listas_lista_id_foreign` (`lista_id`),
  ADD KEY `sub_listas_created_user_id_foreign` (`created_user_id`),
  ADD KEY `sub_listas_updated_user_id_foreign` (`updated_user_id`);

--
-- Indices de la tabla `tickets`
--
ALTER TABLE `tickets`
  ADD PRIMARY KEY (`id`),
  ADD KEY `tickets_categoria_ticket_id_foreign` (`categoria_ticket_id`),
  ADD KEY `tickets_tipo_ticket_id_foreign` (`tipo_ticket_id`),
  ADD KEY `tickets_created_user_id_foreign` (`created_user_id`),
  ADD KEY `tickets_updated_user_id_foreign` (`updated_user_id`);

--
-- Indices de la tabla `ticket_estados`
--
ALTER TABLE `ticket_estados`
  ADD PRIMARY KEY (`id`),
  ADD KEY `ticket_estados_ticket_id_foreign` (`ticket_id`),
  ADD KEY `ticket_estados_pendiente_ticket_id_foreign` (`pendiente_ticket_id`),
  ADD KEY `ticket_estados_asignado_ticket_id_foreign` (`asignado_ticket_id`),
  ADD KEY `ticket_estados_asignado_user_id_foreign` (`asignado_user_id`),
  ADD KEY `ticket_estados_conincidencia_ticket_id_foreign` (`conincidencia_ticket_id`),
  ADD KEY `ticket_estados_atendido_ticket_id_foreign` (`atendido_ticket_id`),
  ADD KEY `ticket_estados_created_user_id_foreign` (`created_user_id`),
  ADD KEY `ticket_estados_updated_user_id_foreign` (`updated_user_id`);

--
-- Indices de la tabla `ticket_fotos`
--
ALTER TABLE `ticket_fotos`
  ADD PRIMARY KEY (`id`),
  ADD KEY `ticket_fotos_ticket_id_foreign` (`ticket_id`);

--
-- Indices de la tabla `user_personas`
--
ALTER TABLE `user_personas`
  ADD PRIMARY KEY (`id`),
  ADD KEY `user_personas_user_id_foreign` (`user_id`),
  ADD KEY `user_personas_persona_id_foreign` (`persona_id`);

--
-- AUTO_INCREMENT de las tablas volcadas
--

--
-- AUTO_INCREMENT de la tabla `areas`
--
ALTER TABLE `areas`
  MODIFY `id` int(10) UNSIGNED NOT NULL AUTO_INCREMENT, AUTO_INCREMENT=63;

--
-- AUTO_INCREMENT de la tabla `cargos`
--
ALTER TABLE `cargos`
  MODIFY `id` int(10) UNSIGNED NOT NULL AUTO_INCREMENT, AUTO_INCREMENT=199;

--
-- AUTO_INCREMENT de la tabla `favoritos`
--
ALTER TABLE `favoritos`
  MODIFY `id` int(10) UNSIGNED NOT NULL AUTO_INCREMENT, AUTO_INCREMENT=53;

--
-- AUTO_INCREMENT de la tabla `listas`
--
ALTER TABLE `listas`
  MODIFY `id` int(10) UNSIGNED NOT NULL AUTO_INCREMENT, AUTO_INCREMENT=3;

--
-- AUTO_INCREMENT de la tabla `personas`
--
ALTER TABLE `personas`
  MODIFY `id` int(10) UNSIGNED NOT NULL AUTO_INCREMENT, AUTO_INCREMENT=494;

--
-- AUTO_INCREMENT de la tabla `persona_messages`
--
ALTER TABLE `persona_messages`
  MODIFY `id` int(10) UNSIGNED NOT NULL AUTO_INCREMENT, AUTO_INCREMENT=11;

--
-- AUTO_INCREMENT de la tabla `roles`
--
ALTER TABLE `roles`
  MODIFY `id` int(10) UNSIGNED NOT NULL AUTO_INCREMENT, AUTO_INCREMENT=4;

--
-- AUTO_INCREMENT de la tabla `rrhh_files`
--
ALTER TABLE `rrhh_files`
  MODIFY `id` int(10) UNSIGNED NOT NULL AUTO_INCREMENT, AUTO_INCREMENT=11;

--
-- AUTO_INCREMENT de la tabla `sedes`
--
ALTER TABLE `sedes`
  MODIFY `id` int(10) UNSIGNED NOT NULL AUTO_INCREMENT, AUTO_INCREMENT=11;

--
-- AUTO_INCREMENT de la tabla `sub_listas`
--
ALTER TABLE `sub_listas`
  MODIFY `id` int(10) UNSIGNED NOT NULL AUTO_INCREMENT, AUTO_INCREMENT=78;

--
-- AUTO_INCREMENT de la tabla `tickets`
--
ALTER TABLE `tickets`
  MODIFY `id` int(10) UNSIGNED NOT NULL AUTO_INCREMENT, AUTO_INCREMENT=27;

--
-- AUTO_INCREMENT de la tabla `ticket_estados`
--
ALTER TABLE `ticket_estados`
  MODIFY `id` int(10) UNSIGNED NOT NULL AUTO_INCREMENT, AUTO_INCREMENT=27;

--
-- AUTO_INCREMENT de la tabla `ticket_fotos`
--
ALTER TABLE `ticket_fotos`
  MODIFY `id` int(10) UNSIGNED NOT NULL AUTO_INCREMENT, AUTO_INCREMENT=18;

--
-- AUTO_INCREMENT de la tabla `user_personas`
--
ALTER TABLE `user_personas`
  MODIFY `id` int(10) UNSIGNED NOT NULL AUTO_INCREMENT, AUTO_INCREMENT=492;

--
-- Restricciones para tablas volcadas
--

--
-- Filtros para la tabla `areas`
--
ALTER TABLE `areas`
  ADD CONSTRAINT `areas_sede_id_foreign` FOREIGN KEY (`sede_id`) REFERENCES `sedes` (`id`) ON DELETE CASCADE ON UPDATE CASCADE;

--
-- Filtros para la tabla `cargos`
--
ALTER TABLE `cargos`
  ADD CONSTRAINT `cargos_area_id_foreign` FOREIGN KEY (`area_id`) REFERENCES `areas` (`id`) ON DELETE CASCADE ON UPDATE CASCADE;

--
-- Filtros para la tabla `favoritos`
--
ALTER TABLE `favoritos`
  ADD CONSTRAINT `favoritos_persona_id_foreign` FOREIGN KEY (`persona_id`) REFERENCES `personas` (`id`) ON DELETE CASCADE ON UPDATE CASCADE,
  ADD CONSTRAINT `favoritos_user_id_foreign` FOREIGN KEY (`user_id`) REFERENCES `users` (`id`) ON DELETE CASCADE ON UPDATE CASCADE;

--
-- Filtros para la tabla `listas`
--
ALTER TABLE `listas`
  ADD CONSTRAINT `listas_created_user_id_foreign` FOREIGN KEY (`created_user_id`) REFERENCES `users` (`id`) ON DELETE CASCADE ON UPDATE CASCADE,
  ADD CONSTRAINT `listas_updated_user_id_foreign` FOREIGN KEY (`updated_user_id`) REFERENCES `users` (`id`) ON DELETE CASCADE ON UPDATE CASCADE;

--
-- Filtros para la tabla `personas`
--
ALTER TABLE `personas`
  ADD CONSTRAINT `personas_cargo_id_foreign` FOREIGN KEY (`cargo_id`) REFERENCES `cargos` (`id`) ON DELETE CASCADE ON UPDATE CASCADE;

--
-- Filtros para la tabla `persona_messages`
--
ALTER TABLE `persona_messages`
  ADD CONSTRAINT `persona_messages_persona_cumpleanio_id_foreign` FOREIGN KEY (`persona_cumpleanio_id`) REFERENCES `personas` (`id`) ON DELETE CASCADE ON UPDATE CASCADE,
  ADD CONSTRAINT `persona_messages_persona_id_foreign` FOREIGN KEY (`persona_id`) REFERENCES `personas` (`id`) ON DELETE CASCADE ON UPDATE CASCADE;

--
-- Filtros para la tabla `sub_listas`
--
ALTER TABLE `sub_listas`
  ADD CONSTRAINT `sub_listas_created_user_id_foreign` FOREIGN KEY (`created_user_id`) REFERENCES `users` (`id`) ON DELETE CASCADE ON UPDATE CASCADE,
  ADD CONSTRAINT `sub_listas_lista_id_foreign` FOREIGN KEY (`lista_id`) REFERENCES `listas` (`id`) ON DELETE CASCADE ON UPDATE CASCADE,
  ADD CONSTRAINT `sub_listas_sub_lista_id_foreign` FOREIGN KEY (`sub_lista_id`) REFERENCES `sub_listas` (`id`) ON DELETE CASCADE ON UPDATE CASCADE,
  ADD CONSTRAINT `sub_listas_updated_user_id_foreign` FOREIGN KEY (`updated_user_id`) REFERENCES `users` (`id`) ON DELETE CASCADE ON UPDATE CASCADE;

--
-- Filtros para la tabla `tickets`
--
ALTER TABLE `tickets`
  ADD CONSTRAINT `tickets_categoria_ticket_id_foreign` FOREIGN KEY (`categoria_ticket_id`) REFERENCES `sub_listas` (`id`) ON DELETE CASCADE ON UPDATE CASCADE,
  ADD CONSTRAINT `tickets_created_user_id_foreign` FOREIGN KEY (`created_user_id`) REFERENCES `users` (`id`) ON DELETE CASCADE ON UPDATE CASCADE,
  ADD CONSTRAINT `tickets_tipo_ticket_id_foreign` FOREIGN KEY (`tipo_ticket_id`) REFERENCES `sub_listas` (`id`) ON DELETE CASCADE ON UPDATE CASCADE,
  ADD CONSTRAINT `tickets_updated_user_id_foreign` FOREIGN KEY (`updated_user_id`) REFERENCES `users` (`id`) ON DELETE CASCADE ON UPDATE CASCADE;

--
-- Filtros para la tabla `ticket_estados`
--
ALTER TABLE `ticket_estados`
  ADD CONSTRAINT `ticket_estados_asignado_ticket_id_foreign` FOREIGN KEY (`asignado_ticket_id`) REFERENCES `sub_listas` (`id`) ON DELETE CASCADE ON UPDATE CASCADE,
  ADD CONSTRAINT `ticket_estados_asignado_user_id_foreign` FOREIGN KEY (`asignado_user_id`) REFERENCES `users` (`id`) ON DELETE CASCADE ON UPDATE CASCADE,
  ADD CONSTRAINT `ticket_estados_atendido_ticket_id_foreign` FOREIGN KEY (`atendido_ticket_id`) REFERENCES `sub_listas` (`id`) ON DELETE CASCADE ON UPDATE CASCADE,
  ADD CONSTRAINT `ticket_estados_conincidencia_ticket_id_foreign` FOREIGN KEY (`conincidencia_ticket_id`) REFERENCES `sub_listas` (`id`) ON DELETE CASCADE ON UPDATE CASCADE,
  ADD CONSTRAINT `ticket_estados_created_user_id_foreign` FOREIGN KEY (`created_user_id`) REFERENCES `users` (`id`) ON DELETE CASCADE ON UPDATE CASCADE,
  ADD CONSTRAINT `ticket_estados_pendiente_ticket_id_foreign` FOREIGN KEY (`pendiente_ticket_id`) REFERENCES `sub_listas` (`id`) ON DELETE CASCADE ON UPDATE CASCADE,
  ADD CONSTRAINT `ticket_estados_ticket_id_foreign` FOREIGN KEY (`ticket_id`) REFERENCES `tickets` (`id`) ON DELETE CASCADE ON UPDATE CASCADE,
  ADD CONSTRAINT `ticket_estados_updated_user_id_foreign` FOREIGN KEY (`updated_user_id`) REFERENCES `users` (`id`) ON DELETE CASCADE ON UPDATE CASCADE;

--
-- Filtros para la tabla `ticket_fotos`
--
ALTER TABLE `ticket_fotos`
  ADD CONSTRAINT `ticket_fotos_ticket_id_foreign` FOREIGN KEY (`ticket_id`) REFERENCES `tickets` (`id`) ON DELETE CASCADE ON UPDATE CASCADE;

--
-- Filtros para la tabla `user_personas`
--
ALTER TABLE `user_personas`
  ADD CONSTRAINT `user_personas_persona_id_foreign` FOREIGN KEY (`persona_id`) REFERENCES `personas` (`id`) ON DELETE CASCADE ON UPDATE CASCADE,
  ADD CONSTRAINT `user_personas_user_id_foreign` FOREIGN KEY (`user_id`) REFERENCES `users` (`id`) ON DELETE CASCADE ON UPDATE CASCADE;
COMMIT;

